700). Let j = h - 58. What is the greatest common divisor of j and 1?
1
Let m be (-1)/((-6)/(-36)*-3). Let k be 105 + (19 - 19)/(m - 0). What is the greatest common divisor of 15 and k?
15
Suppose 3*k - 12 + 15 = 0, 108 = 5*z - 3*k. Let s be z*(2 + -4)*(-50)/75. Calculate the greatest common factor of 8 and s.
4
Suppose 0 = 28*b - 60 - 164. Suppose -20*c + 192 = -b*c. What is the greatest common factor of 72 and c?
8
Suppose -5*t + u = -395, -7*t + 287 = -3*t + 5*u. Let f be (-13)/t + 1/(6/487). Calculate the greatest common divisor of f and 135.
27
Let i(x) = 4*x**2 + 17*x + 27. Let g be i(-8). Suppose -11 = 4*c - g. What is the highest common divisor of c and 170?
34
Let x(w) = 38*w - 3*w**2 - 33*w - 14 - 41*w. Let s be x(-14). Let y = s - -143. Calculate the greatest common factor of 27 and y.
9
Suppose -m = 5*h + 28 - 9, 5*h = 3*m - 23. Let g be h/18*3 - 52/(-6). Suppose g = -4*u + 52. Calculate the greatest common factor of 55 and u.
11
Suppose 3*v + 3*g - 387 = 0, -243 = -12*v + 10*v + 3*g. Calculate the greatest common factor of v and 280.
14
Let i be ((-4)/(-6))/((-1)/(-36)). Let f(u) = -u**3 + 52*u**2 - 20*u + 1082. Let r be f(52). Calculate the greatest common factor of r and i.
6
Let j(f) = -12*f - 14. Let t be j(-7). Let s = t + -45. Calculate the greatest common factor of 200 and s.
25
Suppose -3*x + 8*p = 10*p - 27211, x - 13*p = 9084. Calculate the highest common factor of 235 and x.
47
Let t(y) = 3*y**2 - 14*y - 20. Let q be t(8). Let i = q - 38. Calculate the greatest common factor of 11 and i.
11
Let l(u) = -u**2 - 41*u - 293. Let r be l(-23). Calculate the greatest common factor of 132 and r.
11
Let r = 2454 - 886. Let d(a) = -3*a**2 + 559*a - 3840. Let n be d(179). What is the highest common factor of r and n?
98
Let v(r) = -r + 320. Let a be v(6). What is the greatest common factor of a and 4?
2
Suppose 5*p + 41265 + 30544 = -3*u, 0 = -3*u + 3*p - 71769. Let k be u/(-108) - (-16)/36. What is the highest common divisor of 12 and k?
6
Suppose 0 = -9*x + 6*x + 12. Let l = 1 + x. Suppose 3*h - 2*m + 22 = 123, 0 = 4*h + 3*m - 146. What is the greatest common factor of l and h?
5
Let k(r) = -r**2 - 15*r - 22. Let w be k(-14). Let h be 3/6*(-1200)/w. What is the greatest common factor of h and 30?
15
Let o be (3 - (-5 + 14)) + (-1 + 27 - 4). What is the greatest common factor of o and 186?
2
Suppose -5*b + 7 = -h, -b - 7 = 2*h + 2*h. Let t be (h/(-8)*-3)/(1/(-12)). Calculate the greatest common divisor of 117 and t.
9
Suppose 3*k + 4*o = 51, 5*o - 68 = 3*k - 7*k. Let a = -19 + k. Let t be a/((8/4)/(-52)). What is the greatest common divisor of 78 and t?
26
Suppose 166 = -3*i + 544. Let c be (-14)/i - (-136)/9. Calculate the greatest common divisor of 135 and c.
15
Suppose 0 = 16*x - 7456 - 11488. Suppose -1936 - x = -10*s. Calculate the highest common factor of s and 78.
78
Let x be 1 - (-1 - (0 + 0)). Let l = 17 - x. Let w be 0 + -4 + (-238 - -251). What is the greatest common factor of w and l?
3
Suppose 5*q + 76 - 101 = 0. Suppose -59 = -q*w - 39. Suppose 2*r = -w*r + 918. Calculate the highest common factor of r and 17.
17
Suppose 13*g = 45*g - 96. Suppose -4*n = -g*x - 256 - 412, 4*n = -4*x + 696. What is the highest common factor of 5 and n?
5
Suppose 0 = 48*t - 5686 - 506. Suppose 3*i + 4*r + r = t, 4*i - 4*r = 204. Suppose 3*u - 5*u + 32 = 0. Calculate the highest common divisor of u and i.
16
Let t = -394 - -994. Suppose 2*d - 6*d + t = 0. Calculate the highest common factor of 6 and d.
6
Let s = 159 + -157. Let l(z) = 5*z + 12. Let p be l(s). Let r(v) = -v + 8. Let m be r(6). Calculate the greatest common divisor of p and m.
2
Let w be (-26674)/(-10) + (48/(-20) - -2). Suppose -35*m + 28*m - w = 0. Let i = m - -605. What is the highest common divisor of i and 14?
14
Suppose 403 = v + 339. Calculate the highest common factor of 4496 and v.
16
Let p be 73 - (4 + 1) - (6 - 10). Suppose h = -3*m + 165, -16*m = -12*m + 4. What is the highest common factor of h and p?
24
Suppose -3749*a + 3*h = -3751*a + 629, 3*a - 3*h - 1011 = 0. Suppose 0 = 2*y + 5 - 21. What is the greatest common divisor of a and y?
8
Let o be 0/5 + (4 - 2). Suppose -4*s = i - o + 8, 0 = 2*i + 2*s. What is the highest common factor of 90 and i?
2
Suppose 3*j = -d + 2940, -10*j = -d - 8*j + 2915. Let l = d + -2029. What is the greatest common factor of 32 and l?
32
Suppose 3267 = -4115*m + 4118*m. What is the highest common divisor of m and 528?
33
Let i = 42244 - 42028. What is the highest common divisor of 2808 and i?
216
Suppose -3*r - 15 + 147 = 0. Suppose 63 = -1107*z + 1110*z - v, 3*z - 2*v - 60 = 0. Calculate the highest common factor of z and r.
22
Suppose 0 = 2*v - 23 - 21. Let q(y) = y**2 + 52*y - 5647. Let c be q(-111). Calculate the greatest common factor of v and c.
22
Let m be ((-12)/((-12)/(-4)))/(2/(-4)). Suppose 5*b + 2*i = 290, 4*b - 112 - 87 = 5*i. Suppose -b = x - m*x. What is the greatest common factor of x and 2?
2
Let s be ((-64)/(-1*1))/1. Suppose -5*l - 203 = -2*u - 4*l, -3*u - 3*l = -309. Let q = u + 58. What is the greatest common divisor of s and q?
32
Let l(q) = 309*q - 4900. Let y be l(16). Calculate the greatest common divisor of y and 594.
22
Suppose -7 - 13 = -4*x. Suppose -x*t + 3*t = 5*u - 180, 5*u - 180 = 5*t. Calculate the highest common factor of 4 and u.
4
Let t = 968 - 568. Suppose 3*g = 4*n + 892, -5*g = -4*n + 182 - 1674. Calculate the highest common divisor of g and t.
100
Suppose 276 = 121*h - 120*h. Calculate the greatest common factor of 948 and h.
12
Let r be 1/(3 + 23/(-8)). Suppose 2*q - r = 7*j - 3*j, q - 6 = 4*j. Suppose -f - q = 0, 5*x + 4*f - 47 = -0*f. What is the highest common factor of x and 22?
11
Let k = 171 + -60. Suppose -o = u - k, -o - u - 2*u = -109. What is the greatest common factor of o and 16?
16
Suppose 3*n + 354 = -g + 891, -2*n = -8. Suppose 273 = 23*i - 10*i. Calculate the highest common divisor of g and i.
21
Let p be (-4 + 5 + -7)/(22/(-165)). Calculate the greatest common divisor of 3447 and p.
9
Let t = -523 + 304. Let b = -184 - t. Calculate the highest common factor of b and 40.
5
Suppose 2*r - 66 = 3*d, 4*d = -d. Let x be (-33)/(-66) + (-65)/(-2). What is the greatest common factor of x and r?
33
Let r(t) = -t**3 + 6*t**2 - 21*t + 152. Let v be r(6). Calculate the highest common factor of v and 247.
13
Let y be (16 - 148/(-6))*(127 + -1). What is the highest common factor of y and 168?
84
Let z be 10/(-3)*(-6)/35*-7. Let v be 18/5 + z/(-60)*6. What is the greatest common divisor of v and 52?
4
Let w(n) = n**3 + 6*n**2 + 2*n - 2. Let b be w(-2). Let o be (-162)/(-4) + (-1386)/252. Calculate the greatest common factor of b and o.
5
Suppose 3*r + 5*a - 86 = 0, -32*a = -2*r - 24*a + 80. What is the greatest common divisor of r and 1592?
8
Let o(v) be the third derivative of -v**4/24 + 28*v**3/3 - 4*v**2 + v. Let n be o(42). Calculate the greatest common divisor of n and 7.
7
Let a(f) = 10*f**3 - 10*f**2 + 2*f - 2. Let q be a(3). Calculate the greatest common factor of 128 and q.
8
Suppose 8*u = 3*u - 20. Let s be (-176)/(-12) - u/(-6). Suppose -a - 65 = -3*h, -h = -0*h - a - 23. Calculate the greatest common factor of s and h.
7
Suppose 0 = -4*q - 5*u + 131, -2*q = 31*u - 29*u - 62. Calculate the highest common factor of q and 810.
6
Suppose -5*g + 32 = -2*f - 18, 2*g - 5*f - 20 = 0. Suppose -2*d + 20 = 4*h - 4*d, g = 2*h + 2*d. What is the highest common divisor of 155 and h?
5
Suppose -4891 - 814 = -5*s. What is the greatest common divisor of 163 and s?
163
Let n be -33 + (-2425)/(-75) - 137/(-3). Let r be 2 + (-3)/(-6)*4. Suppose -120 = -0*a - r*a. Calculate the highest common factor of n and a.
15
Suppose -5*p + 5*d = -25, 5*p = -3*d - 5 + 14. Suppose 0 = 4*k + 3*b - 417, p*k + 2*b - 314 = b. Calculate the highest common factor of k and 84.
21
Let c = 7 - 1. Let k(v) = 6*v + 43. Let q be k(-10). Let h = q - -47. Calculate the greatest common factor of c and h.
6
Let j(y) = 1283*y + 7733. Let q be j(-6). Calculate the highest common factor of 903 and q.
7
Let r(j) = -j**3 - 21*j**2 - 3*j - 52. Let x be (3/(-1) - -7)*42/(-8). Let m be r(x). What is the greatest common factor of m and 176?
11
Let h(v) = 113*v + 4. Let g(c) = 4*c + 32. Let d be g(0). Let a = 33 - d. Let s be h(